is divided by 6.
5
What is the remainder when 149 is divided by 27?
14
What is the remainder when 1054 is divided by 151?
148
What is the remainder when 43 is divided by 32?
11
Calculate the remainder when 418 is divided by 28.
26
Calculate the remainder when 2883 is divided by 103.
102
What is the remainder when 138 is divided by 72?
66
Calculate the remainder when 273 is divided by 51.
18
What is the remainder when 245 is divided by 20?
5
Calculate the remainder when 889 is divided by 243.
160
Calculate the remainder when 54 is divided by 37.
17
What is the remainder when 297 is divided by 296?
1
Calculate the remainder when 810 is divided by 132.
18
What is the remainder when 6949 is divided by 1735?
9
What is the remainder when 218 is divided by 74?
70
What is the remainder when 411 is divided by 3?
0
What is the remainder when 490 is divided by 24?
10
What is the remainder when 175 is divided by 89?
86
Calculate the remainder when 50 is divided by 26.
24
Calculate the remainder when 295 is divided by 9.
7
What is the remainder when 156 is divided by 33?
24
Calculate the remainder when 356 is divided by 21.
20
What is the remainder when 2143 is divided by 37?
34
Calculate the remainder when 666 is divided by 67.
63
What is the remainder when 85 is divided by 15?
10
What is the remainder when 13635 is divided by 110?
105
What is the remainder when 49 is divided by 27?
22
Calculate the remainder when 552 is divided by 307.
245
What is the remainder when 494 is divided by 174?
146
Calculate the remainder when 98 is divided by 37.
24
What is the remainder when 208 is divided by 104?
0
Calculate the remainder when 65 is divided by 23.
19
What is the remainder when 6473 is divided by 13?
12
What is the remainder when 19 is divided by 6?
1
What is the remainder when 803 is divided by 30?
23
What is the remainder when 878 is divided by 270?
68
Calculate the remainder when 85 is divided by 17.
0
Calculate the remainder when 57 is divided by 53.
4
Calculate the remainder when 3823 is divided by 29.
24
What is the remainder when 21 is divided by 5?
1
Calculate the remainder when 495 is divided by 20.
15
Calculate the remainder when 156 is divided by 20.
16
Calculate the remainder when 1698 is divided by 35.
18
Calculate the remainder when 105 is divided by 101.
4
What is the remainder when 256 is divided by 37?
34
Calculate the remainder when 2290 is divided by 285.
10
Calculate the remainder when 259 is divided by 22.
17
Calculate the remainder when 69 is divided by 19.
12
Calculate the remainder when 1052 is divided by 39.
38
What is the remainder when 1153 is divided by 107?
83
What is the remainder when 356 is divided by 12?
8
What is the remainder when 1371 is divided by 465?
441
What is the remainder when 278 is divided by 6?
2
What is the remainder when 16199 is divided by 30?
29
What is the remainder when 986 is divided by 21?
20
What is the remainder when 523 is divided by 509?
14
What is the remainder when 9099 is divided by 20?
19
Calculate the remainder when 464 is divided by 460.
4
What is the remainder when 1574 is divided by 20?
14
Calculate the remainder when 557 is divided by 20.
17
What is the remainder when 148 is divided by 30?
28
What is the remainder when 1038 is divided by 276?
210
What is the remainder when 1770 is divided by 48?
42
Calculate the remainder when 203 is divided by 54.
41
What is the remainder when 6362 is divided by 37?
35
What is the remainder when 467 is divided by 405?
62
Calculate the remainder when 1776 is divided by 63.
12
Calculate the remainder when 384 is divided by 15.
9
Calculate the remainder when 255 is divided by 67.
54
What is the remainder when 634 is divided by 208?
10
What is the remainder when 259 is divided by 33?
28
Calculate the remainder when 9757 is divided by 14.
13
What is the remainder when 688 is divided by 22?
6
What is the remainder when 472 is divided by 53?
48
What is the remainder when 800 is divided by 216?
152
Calculate the remainder when 36 is divided by 23.
13
What is the remainder when 3189 is divided by 28?
25
Calculate the remainder when 321 is divided by 31.
11
Calculate the remainder when 244 is divided by 155.
89
What is the remainder when 4361 is divided by 37?
32
What is the remainder when 10334 is divided by 211?
206
Calculate the remainder when 78 is divided by 10.
8
Calculate the remainder when 134 is divided by 32.
6
What is the remainder when 407 is divided by 68?
67
Calculate the remainder when 17 is divided by 6.
5
What is the remainder when 408 is divided by 65?
18
Calculate the remainder when 262 is divided by 86.
4
Calculate the remainder when 84 is divided by 36.
12
What is the remainder when 14354 is divided by 9?
8
What is the remainder when 310 is divided by 78?
76
Calculate the remainder when 3727 is divided by 15.
7
Calculate the remainder when 78 is divided by 9.
6
What is the remainder when 159 is divided by 54?
51
What is the remainder when 157 is divided by 10?
7
Calculate the remainder when 119 is divided by 33.
20
Calculate the remainder when 341 is divided by 43.
40
What is the remainder when 222 is divided by 78?
66
Calculate the remainder when 642 is divided by 92.
90
Calculate the remainder when 1005 is divided by 8.
5
Calculate the remainder when 364 is divided by 122.
120
What is the remainder when 5229 is divided by 77?
70
What is the remainder when 438 is divided by 113?
99
What is the remainder when 6435 is divided by 47?
43
Calculate the remainder when 5958 is divided by 3.
0
What is the remainder when 180 is divided by 79?
22
What is the remainder when 115 is divided by 17?
13
Calculate the remainder when 878 is divided by 112.
94
What is the remainder when 2913 is divided by 34?
23
What is the remainder when 3122 is divided by 44?
42
What is the remainder when 149 is divided by 124?
25
What is the remainder when 84 is divided by 43?
41
What is the remainder when 37 is divided by 10?
7
What is the remainder when 235 is divided by 80?
75
What is the remainder when 98 is divided by 51?
47
Calculate the remainder when 265 is divided by 14.
13
Calculate the remainder when 1018 is divided by 336.
10
Calculate the remainder when 1172 is divided by 170.
152
Calculate the remainder when 4423 is divided by 59.
57
Calculate the remainder when 291 is divided by 11.
5
Calculate the remainder when 264 is divided by 14.
12
Calculate the remainder when 749 is divided by 125.
124
What is the remainder when 12284 is divided by 63?
62
Calculate the remainder when 253 is divided by 94.
65
What is the remainder when 28 is divided by 9?
1
Calculate the remainder when 521 is divided by 58.
57
Calculate the remainder when 3540 is divided by 23.
21
What is the remainder when 3637 is divided by 107?
106
What is the remainder when 205 is divided by 122?
83
What is the remainder when 8 is divided by 5?
3
Calculate the remainder when 38 is divided by 20.
18
What is the remainder when 113 is divided by 24?
17
Calculate the remainder when 57 is divided by 22.
13
What is the remainder when 800 is divided by 89?
88
Calculate the remainder when 21 is divided by 8.
5
Calculate the remainder when 54 is divided by 18.
0
What is the remainder when 846 is divided by 94?
0
Calculate the remainder when 2031 is divided by 19.
17
What is the remainder when 213 is divided by 63?
24
Calculate the remainder when 234 is divided by 41.
29
What is the remainder when 302 is divided by 11?
5
What is the remainder when 302 is divided by 76?
74
Calculate the remainder when 186 is divided by 63.
60
Calculate the remainder when 34 is divided by 20.
14
Calculate the remainder when 1873 is divided by 34.
3
What is the remainder when 572 is divided by 35?
12
Calculate the remainder when 53 is divided by 14.
11
Calculate the remainder when 495 is divided by 16.
15
Calculate the remainder when 128 is divided by 2.
0
Calculate the remainder when 215 is divided by 48.
23
What is the remainder when 622 is divided by 207?
1
Calculate the remainder when 298 is divided by 104.
90
What is the remainder when 1660 is divided by 826?
8
What is the remainder when 2296 is divided by 83?
55
What is the remainder when 176 is divided by 28?
8
Calculate the remainder when 193 is divided by 20.
13
Calcula